) = -n**3 + 8*n**2 + n - 15. Let r be o(6). Let k = 110 - r. What are the prime factors of k?
47
Let m(b) = b**3 - 4*b**2 - 6*b + 3. Let a be 9 + ((-12)/(-4) - 7). Let c be m(a). List the prime factors of c/(-4) + 83/2.
2, 3, 7
Let m(a) = 78*a**3 - 3*a**2 + 5*a + 4. List the prime factors of m(3).
2, 1049
Suppose -2*t - 3*w + 3770 = 0, -t - w = w - 1886. List the prime factors of t.
2, 941
List the prime factors of ((-8)/(-6))/(28/10521).
3, 167
Let a be 21/(5/2 + -2). Let l = a + -63. Let x = l - -38. What are the prime factors of x?
17
Suppose -4*h = -2143 + 103. List the prime factors of h.
2, 3, 5, 17
Let f(k) = -3*k**2 + 18*k - 17. Let q(g) = -g**2 + g. Let u(r) = f(r) - 2*q(r). What are the prime factors of u(13)?
2, 11
Suppose 6*x = 5*x + 50. Let j = -16 + x. List the prime factors of j.
2, 17
Let g = -611 + 802. List the prime factors of g.
191
Suppose 50 = 2*o - o. Suppose -o = -3*n - 2. Let a = 14 + n. What are the prime factors of a?
2, 3, 5
Suppose -c - 3 = -5*z, -5*c = -3*c + z - 5. Suppose t - 3*t - 78 = 0. List the prime factors of (t/c)/(3/(-6)).
3, 13
Suppose 35*p - 31*p - 3060 = 0. What are the prime factors of p?
3, 5, 17
Let p(q) = -q**2 + 2*q + 6. Let r(n) = -n**2 + 5*n. Let g be r(4). Let k be p(g). What are the prime factors of ((-8)/k)/(-2) + 27?
5
Suppose -18 = 3*b + 81. Let v be 47/(-4)*(-2 - 2). Let c = v + b. What are the prime factors of c?
2, 7
Let c be 14 + -1 - (13 + -13). Let v(l) = l**2 - 13*l - 3. Let b be v(c). List the prime factors of (-12 - 1)*(b + 2).
13
Let g = -6 - -6. Let n be 3*(g - -1 - 2). What are the prime factors of (44/(-16) - n)*172?
43
Suppose 31 = 5*u - 44. Suppose 0 = 4*s + 2*p - 12 - 22, p + u = 2*s. List the prime factors of s.
2
Let s = -4368 - -6207. What are the prime factors of s?
3, 613
Let b = 2517 + -1778. Let a = -506 + b. What are the prime factors of a?
233
Let x(v) = -1. Suppose 4*a + 3*f = 5*f + 4, 3 = 3*a - 4*f. Let o(q) = -14*q - 5. Let c(l) = a*o(l) - 5*x(l). List the prime factors of c(-1).
2, 7
Let n = 26 - -13. Suppose -q + n = -0*q. Let t = q - 6. List the prime factors of t.
3, 11
Suppose 211 = 4*j - 3*a, -8*j = -3*j - 2*a - 262. Suppose s - 6*s = -4*s. Suppose -2*x - 2*x + j = s. List the prime factors of x.
13
Suppose -5*s + 4*c + 5472 = -1345, -5*s + 6814 = -3*c. What are the prime factors of s?
1361
Let z be ((-10)/(-6))/((-1)/3). Let f(v) = v**2 + 3*v. Let l be f(z). Suppose 5*b + 4*p = p + 24, 0 = 5*p + l. List the prime factors of b.
2, 3
Let t = -16 + 11. Let s be (4/t)/(14/(-245)). List the prime factors of -3 - (-3 - 0 - s).
2, 7
Let l = -363 - -1179. List the prime factors of l.
2, 3, 17
Let n = 21 - 12. Suppose -n = -h + 3. What are the prime factors of (132/(-16))/(-3)*h?
3, 11
Suppose 6*t - 7*t - 393 = -3*n, 4*n = -t + 517. What are the prime factors of n?
2, 5, 13
Let y(r) = -r**2 + 1. Let t(m) = 11*m**2 + m + 3. Let b(i) = -t(i) + 4*y(i). Let a be b(1). List the prime factors of (a/(-6))/(2/4).
5
Suppose -k - 3*f + 0 = -6, 2*k = -3*f + 21. Suppose -5*j - 45 = -k. What are the prime factors of (j/(-4) - 0)*18?
3
Let s = -129 + 948. List the prime factors of s.
3, 7, 13
Let u = -184 - -269. Let c(s) = -22*s**2 - 2*s - 1. Let g be c(-1). Let d = u + g. What are the prime factors of d?
2
Let f be (-22)/1 - (-16)/8. Let z = 10 + f. Let i = z - -23. What are the prime factors of i?
13
Let z be ((-32)/(-80))/(2/(-110)). List the prime factors of 33/z*(-124)/3.
2, 31
Let d(q) = 10*q - 7. Let m be d(5). Suppose 5*i + 2*f = 2*i + 104, 0 = -i + f + m. Let c = 53 - i. List the prime factors of c.
3, 5
Suppose 0 = 3*o + 444 - 3006. Suppose 278 = -2*n + 3*r + o, -r - 1152 = -4*n. Suppose 6*q - n = -30. List the prime factors of q.
43
Let b(d) = 16*d - 4. Let o be b(2). Let w = o + -22. Suppose w*m - 2*m = 0, 3*m - 99 = -3*n. What are the prime factors of n?
3, 11
Let o(h) = h**2 - 9*h + 20. Let i be o(6). Suppose u + 5*g = 76, i*g + 2*g - 71 = -u. List the prime factors of u.
3, 17
Let p(l) = 76*l - 13. Let z be p(1). Suppose z*k - 64*k + 123 = 0. List the prime factors of k.
3, 41
Let w(d) = -33*d**3 - 2*d**2 + 16*d + 37. What are the prime factors of w(-4)?
2053
Let q(p) = 5*p - 12. Let f be q(5). Let t = 16 - f. List the prime factors of 8/12 - (-88)/t.
2, 3, 5
Suppose -5*j = v - 753, 4*j = 3*v + 5*j - 2273. List the prime factors of v.
2, 379
Let y(n) = 26*n**2 + 2*n. Let w be y(2). Suppose -26*z = -0*z - 78. Suppose -2*j + 2*x = -2*x - 80, w = z*j - 3*x. What are the prime factors of j?
2
Let m = -15 - -18. Let z be (-337 - -1)/(-4) - m. Let i = z - 46. What are the prime factors of i?
5, 7
Suppose -4*k + 2*i = -852, -i = 3*k - 0*i - 639. What are the prime factors of k?
3, 71
Let g = 24 - 48. Let o be (1 - 3)/((-3)/g). Let v = o + 21. List the prime factors of v.
5
Suppose 5 = -d + 2*d. Suppose -3*y = -5*u + 26 - d, 3*y = -3*u + 3. Suppose -2*x = u*g - 62, g + 41 = -5*x + 170. What are the prime factors of x?
5
Let u = 3669 + -2576. What are the prime factors of u?
1093
List the prime factors of 2590/(-1 + 2) + 216/(-108).
2, 647
Let s(g) = 10*g**2 - 27*g + 130. What are the prime factors of s(7)?
431
Let d = -21 - -25. Let l be 0/6 - (0 - d). Suppose 5*h + 143 = 4*z, 154 = 5*z - 2*h + l*h. List the prime factors of z.
2
Let m be 0 + 6/(-21) - (-348)/(-7). List the prime factors of (376/(-10))/(10/m).
2, 47
List the prime factors of 3/((45/2325)/(29/5)).
29, 31
List the prime factors of (0 - -396) + 3 + -7.
2, 7
Let r(b) = -69*b + 3. Let p be r(-9). Suppose -p = -16*j + 12*j. What are the prime factors of j?
2, 3, 13
List the prime factors of (3 + -5)/((-22)/27357).
3, 829
List the prime factors of (-2217)/(13/(156/(-18))).
2, 739
Suppose 67 = -4*b - 3*o, 2*b - 3*o + 28 = o. Suppose 2*k - 72 = -0*k. Let p = b + k. List the prime factors of p.
2, 5
Let i(t) = -73*t - 306. List the prime factors of i(-25).
7, 31
Suppose 2*q = 60 + 4. Let i = 58 - q. List the prime factors of (8/5)/(i/65).
2
Let t = -741 + 1121. List the prime factors of t.
2, 5, 19
Let m = -143 - -177. List the prime factors of m.
2, 17
Let x(o) = 3 - 6*o**2 + o**3 - 8*o + 0*o**2 + 2*o**2 - 3*o**2. Suppose 0 = -3*i - m + 24, 3*m = i - 5 - 3. List the prime factors of x(i).
3
Let j(w) = 20*w**2 + 5*w + 5. Let b be j(-4). What are the prime factors of (-2 + b/10)/((-9)/(-48))?
2, 19
Let s(n) = -9 + 4*n**3 - 149*n - 5*n**3 + 160*n - 13*n**2. Let v be (-72)/5 - (-2)/5. What are the prime factors of s(v)?
3, 11
List the prime factors of (-8)/(-48) - 443/(-6).
2, 37
Suppose 7*r = 637 + 5978. List the prime factors of r.
3, 5, 7
Let h(m) = m**2 + 3*m - 8. Let w be h(-6). Let f = 7 - w. What are the prime factors of f/(-6*3/228)?
2, 19
Let b be -3 - -5 - (-3 - -1). Let y = b - 15. Let z = y - -36. List the prime factors of z.
5
Suppose 55 = -5*k + 210. Let q = k - 43. Let d = 10 - q. List the prime factors of d.
2, 11
Let a(y) = -y**3 + 9*y**2 + 3*y - 6. Let p be a(9). What are the prime factors of 4 + -4 + p/3?
7
Suppose 12*f = 16*f - 388. Let p = -11 + f. What are the prime factors of p?
2, 43
Let n(u) = -u**2 - 20*u - 9. What are the prime factors of n(-8)?
3, 29
Let b = -1911 - -4164. List the prime factors of b.
3, 751
Let l be 5*2/20*6. Suppose 3*o + 15 = l*m, 0*o + 12 = 3*m - 2*o. List the prime factors of (m + -3 + 0)*-8.
2
Let u = -39 + 43. Suppose 2*y - 316 = -4*s, 2*s - u*y - 215 = -s. List the prime factors of s.
7, 11
Let n be (-4 + 5)/(2/(-10)). Let g(d) = -2*d**2 - 7*d - 2. Let i be g(n). Let q = -10 - i. What are the prime factors of q?
7
Let s(q) = -5*q - 23 - 30 + q**2 - 29 + 87. Let m = 20 + -11. List the prime factors of s(m).
41
Let r be 1152/80 + (-2)/5. Let y = r - 0. What are the prime factors of y?
2, 7
Suppose 2*o - 2*m + 5*m = 100, -5*o = -m - 267. Suppose -3*v + o = 665. What are the prime factors of v/(-6) - 0/(-1)?
2, 17
Suppose -3 = f - 2*f. Let u be f/((-2)/3 + 1). Suppose 5*a - a = 5*w - 1, 4*a - 3*w - u = 0. List the prime factors of a.
2, 3
Let b = 114 + 259. Suppose -8*s - 13 = -b. What are the prime factors of s?
3, 5
Suppose -4*q = a - 6455, 6*q - 9*q + 4830 = -3*a. What are the prime factors of q?
1613
What are the prime factors of 28/(-70) - (94188/(-20) + -1)?
2, 3, 5, 157
Suppose 9*m = 442 + 260. Let t = m - -53. List the prime factors of t.
131
Let k(f) = -